culate the greatest common divisor of 822681510 and 42.
42
Calculate the highest common factor of 166337 and 2870.
41
What is the greatest common divisor of 352 and 96613?
11
Calculate the greatest common factor of 7915004 and 856.
428
Calculate the highest common divisor of 569655 and 180.
45
What is the highest common factor of 294606 and 3744?
234
Calculate the greatest common factor of 30 and 369348470.
10
Calculate the greatest common divisor of 4 and 123171284.
4
Calculate the highest common divisor of 318 and 365368326.
318
What is the highest common factor of 350 and 2037350?
350
What is the highest common divisor of 40611032 and 968?
88
Calculate the greatest common divisor of 62230 and 4386326.
1778
What is the greatest common factor of 326460684 and 31020?
6204
Calculate the greatest common factor of 5490 and 4822050.
1830
Calculate the greatest common factor of 338595305 and 115.
115
What is the highest common factor of 314993 and 15946?
119
Calculate the highest common factor of 31518 and 101286.
306
Calculate the highest common divisor of 3049494 and 5474.
238
What is the greatest common factor of 2810792 and 72?
8
Calculate the highest common divisor of 10 and 28077290.
10
Calculate the greatest common factor of 780 and 35058840.
60
Calculate the greatest common factor of 208152 and 121464.
504
What is the highest common divisor of 259 and 107795023?
259
What is the highest common factor of 56976 and 37351329?
3561
What is the greatest common divisor of 27784 and 573712?
184
Calculate the greatest common factor of 22134723 and 4925.
197
What is the highest common divisor of 299137013 and 490?
49
Calculate the highest common factor of 449529 and 2697.
87
Calculate the highest common factor of 8979531 and 10236.
2559
What is the greatest common factor of 57736580 and 1474?
1474
What is the greatest common divisor of 101824 and 3283136?
2752
What is the highest common divisor of 641783 and 5062363?
2663
What is the greatest common divisor of 5045 and 103219691?
1009
What is the highest common factor of 292177 and 785?
157
Calculate the highest common factor of 5841 and 528561.
99
Calculate the greatest common divisor of 30 and 5815920.
30
Calculate the highest common factor of 10314 and 1231269849.
5157
Calculate the highest common factor of 448056018 and 9.
9
Calculate the greatest common divisor of 9847256 and 96.
8
Calculate the greatest common factor of 972392 and 420792.
1576
Calculate the highest common divisor of 4433 and 6676098.
4433
What is the highest common divisor of 379058396 and 67?
67
What is the greatest common divisor of 69972 and 5105814?
714
What is the highest common factor of 99207672 and 37968?
2712
Calculate the highest common divisor of 47804 and 1234468.
2812
Calculate the highest common divisor of 1638 and 43849728.
234
What is the highest common divisor of 44787776 and 7458?
2486
What is the greatest common divisor of 7031 and 1339717?
89
What is the highest common factor of 9 and 833442417?
9
Calculate the greatest common divisor of 1238 and 13750466.
1238
Calculate the greatest common factor of 197559 and 572081.
271
Calculate the highest common factor of 56880200 and 14950.
650
Calculate the highest common factor of 639 and 171846.
9
Calculate the highest common factor of 57 and 417950619.
57
What is the highest common divisor of 18996 and 227018030?
3166
Calculate the greatest common factor of 98219 and 27.
1
What is the greatest common factor of 19014 and 258146740?
6338
What is the greatest common divisor of 191477 and 48477?
143
Calculate the highest common divisor of 23668 and 148604.
388
Calculate the highest common divisor of 13286 and 3584490.
182
Calculate the greatest common divisor of 34 and 164393621.
17
What is the highest common divisor of 12306219 and 69?
69
What is the highest common divisor of 1542 and 252138588?
1542
Calculate the greatest common factor of 13212037 and 273332.
2971
What is the highest common divisor of 3105183 and 3?
3
Calculate the highest common factor of 32 and 337110688.
32
What is the highest common divisor of 1384481 and 2?
1
Calculate the highest common divisor of 357551835 and 4702.
2351
What is the highest common divisor of 302120 and 1080?
40
Calculate the greatest common factor of 13619986 and 1090.
218
Calculate the greatest common divisor of 14516 and 154054679.
3629
What is the highest common divisor of 252 and 127663992?
36
Calculate the highest common factor of 829570 and 91.
7
Calculate the greatest common factor of 1425500 and 1217377.
2851
Calculate the highest common factor of 20273 and 436403.
1067
What is the greatest common factor of 48763 and 16156283?
1573
What is the highest common divisor of 7197647 and 1887?
629
Calculate the highest common divisor of 33 and 249623187.
33
What is the highest common factor of 1240 and 331235?
155
What is the highest common factor of 11461 and 158884?
157
Calculate the greatest common factor of 21165404 and 1644.
548
Calculate the highest common divisor of 117842 and 9.
1
What is the highest common factor of 564730950 and 280?
70
Calculate the highest common divisor of 4 and 25528907.
1
What is the greatest common factor of 1128791 and 1076743?
3253
What is the highest common divisor of 2472 and 9110968?
824
Calculate the highest common divisor of 77012167 and 9481.
499
Calculate the greatest common factor of 30 and 1757822.
2
What is the greatest common divisor of 10051044 and 16566?
1506
What is the highest common divisor of 4330635 and 44805?
1545
Calculate the highest common divisor of 251388 and 33516.
36
What is the greatest common divisor of 17598050 and 240?
10
What is the greatest common factor of 45790335 and 63?
9
Calculate the greatest common factor of 96272 and 545906.
1094
Calculate the highest common factor of 11707 and 4842626.
509
Calculate the highest common divisor of 478507 and 235.
47
Calculate the highest common divisor of 89 and 402115.
1
Calculate the highest common divisor of 317408614 and 886.
886
Calculate the highest common divisor of 24599212 and 5192.
44
What is the highest common factor of 173 and 348169074?
173
Calculate the greatest common factor of 164270880 and 40.
40
What is the highest common factor of 11819775 and 2475?
825
Calculate the greatest common divisor of 63344 and 4321088.
1712
Calculate the greatest common factor of 747698760 and 680.
680
Calculate the highest common divisor of 289494866 and 1506.
502
Calculate the greatest common divisor of 172972 and 123998.
1042
What is the highest common factor of 2550 and 9087690?
510
What is the highest common divisor of 4208 and 8432043?
263
What is the highest common factor of 336495948 and 372?
372
What is the greatest common factor of 47951204 and 141694?
4886
Calculate the greatest common factor of 2597504 and 17563.
91
What is the highest common factor of 5163561 and 221?
13
What is the greatest common factor of 16575 and 959361?
663
Calculate the highest common factor of 147054233 and 493.
17
What is the greatest common divisor of 140 and 513365720?
140
What is the greatest common factor of 2837 and 1183508453?
2837
What is the highest common factor of 1220096 and 955583?
2383
Calculate the highest common factor of 1304 and 465200696.
1304
Calculate the highest common divisor of 4303 and 1781.
13
What is the highest common factor of 1326762918 and 936?
234
What is the greatest common divisor of 23028928 and 544?
32
What is the greatest common divisor of 20 and 140323165?
5
Calculate the greatest common factor of 9727112 and 1696.
8
Calculate the greatest common divisor of 3036 and 9477633.
759
What is the highest common divisor of 46213662 and 836?
418
What is the highest common divisor of 34904 and 13028?
4
What is the greatest common divisor of 509531 and 605?
121
What is the greatest common factor of 533 and 6756581?
13
What is the greatest common factor of 106974 and 5535?
27
Calculate the highest common divisor of 57875 and 3875.
125
Calculate the greatest common divisor of 83792952 and 18.
18
What is the highest common divisor of 3732648 and 4844?
692
Calculate the highest common divisor of 52 and 13476164.
52
Calculate the highest common divisor of 228944957 and 59.
59
What is the greatest common divis